[INFO] cloning repository https://github.com/DevinR528/iloc-opt
[INFO] running `Command { std: "git" "-c" "credential.helper=" "-c" "credential.helper=/workspace/cargo-home/bin/git-credential-null" "clone" "--bare" "https://github.com/DevinR528/iloc-opt" "/workspace/cache/git-repos/https%3A%2F%2Fgithub.com%2FDevinR528%2Filoc-opt", kill_on_drop: false }`
[INFO] [stderr] Cloning into bare repository '/workspace/cache/git-repos/https%3A%2F%2Fgithub.com%2FDevinR528%2Filoc-opt'...
[INFO] running `Command { std: "git" "rev-parse" "HEAD", kill_on_drop: false }`
[INFO] [stdout] 35d316c700c56705aabc5a2ea4602a364b5833ba
[INFO] checking DevinR528/iloc-opt against master#e6e4f7ed1589e03bc2f6c5931c1a72e7947e8682 for beta-170-4
[INFO] running `Command { std: "git" "clone" "/workspace/cache/git-repos/https%3A%2F%2Fgithub.com%2FDevinR528%2Filoc-opt" "/workspace/builds/worker-3-tc2/source", kill_on_drop: false }`
[INFO] [stderr] Cloning into '/workspace/builds/worker-3-tc2/source'...
[INFO] [stderr] done.
[INFO] validating manifest of git repo https://github.com/DevinR528/iloc-opt on toolchain e6e4f7ed1589e03bc2f6c5931c1a72e7947e8682
[INFO] running `Command { std: CARGO_HOME="/workspace/cargo-home" RUSTUP_HOME="/workspace/rustup-home" "/workspace/cargo-home/bin/cargo" "+e6e4f7ed1589e03bc2f6c5931c1a72e7947e8682" "metadata" "--manifest-path" "Cargo.toml" "--no-deps", kill_on_drop: false }`
[INFO] started tweaking git repo https://github.com/DevinR528/iloc-opt
[INFO] finished tweaking git repo https://github.com/DevinR528/iloc-opt
[INFO] tweaked toml for git repo https://github.com/DevinR528/iloc-opt written to /workspace/builds/worker-3-tc2/source/Cargo.toml
[INFO] crate git repo https://github.com/DevinR528/iloc-opt already has a lockfile, it will not be regenerated
[INFO] running `Command { std: CARGO_HOME="/workspace/cargo-home" RUSTUP_HOME="/workspace/rustup-home" "/workspace/cargo-home/bin/cargo" "+e6e4f7ed1589e03bc2f6c5931c1a72e7947e8682" "fetch" "--manifest-path" "Cargo.toml", kill_on_drop: false }`
[INFO] running `Command { std: "docker" "create" "-v" "/var/lib/crater-agent-workspace/builds/worker-3-tc2/target:/opt/rustwide/target:rw,Z" "-v" "/var/lib/crater-agent-workspace/builds/worker-3-tc2/source:/opt/rustwide/workdir:ro,Z" "-v" "/var/lib/crater-agent-workspace/cargo-home:/opt/rustwide/cargo-home:ro,Z" "-v" "/var/lib/crater-agent-workspace/rustup-home:/opt/rustwide/rustup-home:ro,Z" "-e" "SOURCE_DIR=/opt/rustwide/workdir" "-e" "CARGO_TARGET_DIR=/opt/rustwide/target" "-e" "CARGO_HOME=/opt/rustwide/cargo-home" "-e" "RUSTUP_HOME=/opt/rustwide/rustup-home" "-w" "/opt/rustwide/workdir" "-m" "1610612736" "--user" "0:0" "--network" "none" "ghcr.io/rust-lang/crates-build-env/linux@sha256:19e73879b68f455e41552ea35293514db52ea292d993f571636dbffedb77a1ee" "/opt/rustwide/cargo-home/bin/cargo" "+e6e4f7ed1589e03bc2f6c5931c1a72e7947e8682" "metadata" "--no-deps" "--format-version=1", kill_on_drop: false }`
[INFO] [stdout] 2f0a2a88083a56414329e03f7b9f157d0c7586cb51c3f45346831eeac2124ce6
[INFO] running `Command { std: "docker" "start" "-a" "2f0a2a88083a56414329e03f7b9f157d0c7586cb51c3f45346831eeac2124ce6", kill_on_drop: false }`
[INFO] running `Command { std: "docker" "inspect" "2f0a2a88083a56414329e03f7b9f157d0c7586cb51c3f45346831eeac2124ce6", kill_on_drop: false }`
[INFO] running `Command { std: "docker" "rm" "-f" "2f0a2a88083a56414329e03f7b9f157d0c7586cb51c3f45346831eeac2124ce6", kill_on_drop: false }`
[INFO] [stdout] 2f0a2a88083a56414329e03f7b9f157d0c7586cb51c3f45346831eeac2124ce6
[INFO] running `Command { std: "docker" "create" "-v" "/var/lib/crater-agent-workspace/builds/worker-3-tc2/target:/opt/rustwide/target:rw,Z" "-v" "/var/lib/crater-agent-workspace/builds/worker-3-tc2/source:/opt/rustwide/workdir:ro,Z" "-v" "/var/lib/crater-agent-workspace/cargo-home:/opt/rustwide/cargo-home:ro,Z" "-v" "/var/lib/crater-agent-workspace/rustup-home:/opt/rustwide/rustup-home:ro,Z" "-e" "SOURCE_DIR=/opt/rustwide/workdir" "-e" "CARGO_TARGET_DIR=/opt/rustwide/target" "-e" "CARGO_INCREMENTAL=0" "-e" "RUST_BACKTRACE=full" "-e" "RUSTFLAGS=--cap-lints=forbid" "-e" "RUSTDOCFLAGS=--cap-lints=forbid" "-e" "CARGO_HOME=/opt/rustwide/cargo-home" "-e" "RUSTUP_HOME=/opt/rustwide/rustup-home" "-w" "/opt/rustwide/workdir" "-m" "1610612736" "--user" "0:0" "--network" "none" "ghcr.io/rust-lang/crates-build-env/linux@sha256:19e73879b68f455e41552ea35293514db52ea292d993f571636dbffedb77a1ee" "/opt/rustwide/cargo-home/bin/cargo" "+e6e4f7ed1589e03bc2f6c5931c1a72e7947e8682" "check" "--frozen" "--all" "--all-targets" "--message-format=json", kill_on_drop: false }`
[INFO] [stdout] d09658559038d383eace985e32e63a954866beb206e4ee7bb28abe295295f3ac
[INFO] running `Command { std: "docker" "start" "-a" "d09658559038d383eace985e32e63a954866beb206e4ee7bb28abe295295f3ac", kill_on_drop: false }`
[INFO] [stderr]     Checking iloc-opt v0.1.0 (/opt/rustwide/workdir)
[INFO] [stdout] error[E0433]: failed to resolve: could not find `lazy` in `std`
[INFO] [stdout]  --> src/label.rs:8:24
[INFO] [stdout]   |
[INFO] [stdout] 8 | static LABEL_MAP: std::lazy::SyncLazy<Mutex<HashMap<String, OrdLabel>>> =
[INFO] [stdout]   |                        ^^^^ could not find `lazy` in `std`
[INFO] [stdout] 
[INFO] [stdout] 
[INFO] [stdout] error[E0433]: failed to resolve: could not find `lazy` in `std`
[INFO] [stdout]  --> src/label.rs:9:7
[INFO] [stdout]   |
[INFO] [stdout] 9 |     std::lazy::SyncLazy::new(|| Mutex::new(HashMap::new()));
[INFO] [stdout]   |          ^^^^ could not find `lazy` in `std`
[INFO] [stdout] 
[INFO] [stdout] 
[INFO] [stdout] error[E0433]: failed to resolve: could not find `lazy` in `std`
[INFO] [stdout]  --> src/label.rs:8:24
[INFO] [stdout]   |
[INFO] [stdout] 8 | static LABEL_MAP: std::lazy::SyncLazy<Mutex<HashMap<String, OrdLabel>>> =
[INFO] [stdout]   |                        ^^^^ could not find `lazy` in `std`
[INFO] [stdout] 
[INFO] [stdout] 
[INFO] [stdout] error[E0433]: failed to resolve: could not find `lazy` in `std`
[INFO] [stdout]  --> src/label.rs:9:7
[INFO] [stdout]   |
[INFO] [stdout] 9 |     std::lazy::SyncLazy::new(|| Mutex::new(HashMap::new()));
[INFO] [stdout]   |          ^^^^ could not find `lazy` in `std`
[INFO] [stdout] 
[INFO] [stdout] 
[INFO] [stdout] warning: the feature `let_else` has been stable since 1.65.0 and no longer requires an attribute to enable
[INFO] [stdout]  --> src/main.rs:2:2
[INFO] [stdout]   |
[INFO] [stdout] 2 |     let_else,
[INFO] [stdout]   |     ^^^^^^^^
[INFO] [stdout]   |
[INFO] [stdout]   = note: `#[warn(stable_features)]` on by default
[INFO] [stdout] 
[INFO] [stdout] 
[INFO] [stdout] warning: the feature `once_cell` has been stable since 1.70.0 and no longer requires an attribute to enable
[INFO] [stdout]  --> src/main.rs:4:2
[INFO] [stdout]   |
[INFO] [stdout] 4 |     once_cell,
[INFO] [stdout]   |     ^^^^^^^^^
[INFO] [stdout] 
[INFO] [stdout] 
[INFO] [stdout] warning: the feature `map_first_last` has been stable since 1.66.0 and no longer requires an attribute to enable
[INFO] [stdout]  --> src/main.rs:3:2
[INFO] [stdout]   |
[INFO] [stdout] 3 |     map_first_last,
[INFO] [stdout]   |     ^^^^^^^^^^^^^^
[INFO] [stdout] 
[INFO] [stdout] 
[INFO] [stdout] warning: the feature `let_else` has been stable since 1.65.0 and no longer requires an attribute to enable
[INFO] [stdout]  --> src/main.rs:2:2
[INFO] [stdout]   |
[INFO] [stdout] 2 |     let_else,
[INFO] [stdout]   |     ^^^^^^^^
[INFO] [stdout]   |
[INFO] [stdout]   = note: `#[warn(stable_features)]` on by default
[INFO] [stdout] 
[INFO] [stdout] 
[INFO] [stdout] warning: the feature `once_cell` has been stable since 1.70.0 and no longer requires an attribute to enable
[INFO] [stdout]  --> src/main.rs:4:2
[INFO] [stdout]   |
[INFO] [stdout] 4 |     once_cell,
[INFO] [stdout]   |     ^^^^^^^^^
[INFO] [stdout] 
[INFO] [stdout] 
[INFO] [stdout] warning: the feature `map_first_last` has been stable since 1.66.0 and no longer requires an attribute to enable
[INFO] [stdout]  --> src/main.rs:3:2
[INFO] [stdout]   |
[INFO] [stdout] 3 |     map_first_last,
[INFO] [stdout]   |     ^^^^^^^^^^^^^^
[INFO] [stdout] 
[INFO] [stdout] 
[INFO] [stdout] error[E0609]: no field `0` on type `&mut _`
[INFO] [stdout]   --> src/label.rs:42:17
[INFO] [stdout]    |
[INFO] [stdout] 42 |                 o.get_mut().0 = sort;
[INFO] [stdout]    |                             ^
[INFO] [stdout] 
[INFO] [stdout] 
[INFO] [stdout] error[E0609]: no field `0` on type `&mut _`
[INFO] [stdout]   --> src/label.rs:42:17
[INFO] [stdout]    |
[INFO] [stdout] 42 |                 o.get_mut().0 = sort;
[INFO] [stdout]    |                             ^
[INFO] [stdout] 
[INFO] [stdout] 
[INFO] [stdout] error: aborting due to 3 previous errors; 3 warnings emitted
[INFO] [stdout] 
[INFO] [stdout] 
[INFO] [stdout] Some errors have detailed explanations: E0433, E0609.
[INFO] [stdout] 
[INFO] [stdout] For more information about an error, try `rustc --explain E0433`.
[INFO] [stdout] 
[INFO] [stderr] error: could not compile `iloc-opt` (bin "iloc-opt") due to 4 previous errors; 3 warnings emitted
[INFO] [stderr] warning: build failed, waiting for other jobs to finish...
[INFO] [stdout] error: aborting due to 3 previous errors; 3 warnings emitted
[INFO] [stdout] 
[INFO] [stdout] 
[INFO] [stdout] Some errors have detailed explanations: E0433, E0609.
[INFO] [stdout] 
[INFO] [stdout] For more information about an error, try `rustc --explain E0433`.
[INFO] [stdout] 
[INFO] [stderr] error: could not compile `iloc-opt` (bin "iloc-opt" test) due to 4 previous errors; 3 warnings emitted
[INFO] running `Command { std: "docker" "inspect" "d09658559038d383eace985e32e63a954866beb206e4ee7bb28abe295295f3ac", kill_on_drop: false }`
[INFO] running `Command { std: "docker" "rm" "-f" "d09658559038d383eace985e32e63a954866beb206e4ee7bb28abe295295f3ac", kill_on_drop: false }`
[INFO] [stdout] d09658559038d383eace985e32e63a954866beb206e4ee7bb28abe295295f3ac
